{"id":58,"date":"2021-03-04T17:44:00","date_gmt":"2021-03-04T17:44:00","guid":{"rendered":"http:\/\/samsi-frenshop.com\/?page_id=58"},"modified":"2021-06-13T20:19:19","modified_gmt":"2021-06-13T20:19:19","slug":"mentions-legales","status":"publish","type":"page","link":"https:\/\/samsi-frenshop.com\/?page_id=58","title":{"rendered":"Mentions l\u00e9gales"},"content":{"rendered":"\n<p>Editeur du site<\/p>\n\n\n\n<p>Donzella Samantha<\/p>\n\n\n\n<p>Samsi Frenshop,  18, all\u00e9e Vivaldi &#8211; 33600 Pessac<\/p>\n\n\n\n<p>SIRET 854 015 328 00016<\/p>\n\n\n\n<p>contact@samsi-frenshop.com<\/p>\n\n\n\n<h5 class=\"wp-block-heading\">Marques et logos<\/h5>\n\n\n\n<p>Les marques et\/ou logos reproduits sur ce site sont d\u00e9pos\u00e9s et b\u00e9n\u00e9ficient de ce fait de la protection relevant du droit de la propri\u00e9t\u00e9 industrielle. Toute reproduction de ceux-ci sans autorisation expresse de <em>Samsi Frenshop <\/em>est interdite.<\/p>\n\n\n\n<h5 class=\"wp-block-heading\">Reproduction de contenus et droits d\u2019auteur<\/h5>\n\n\n\n<p>L\u2019ensemble du graphisme, des textes, illustrations, documents t\u00e9l\u00e9chargeables, logo, \u2026 et plus g\u00e9n\u00e9ralement l\u2019ensemble des \u00e9l\u00e9ments composant le site <em>www.samsi-frenshop.com<\/em> sont prot\u00e9g\u00e9s par la l\u00e9gislation fran\u00e7aise relative \u00e0 la propri\u00e9t\u00e9 intellectuelle.<br>Ils sont la propri\u00e9t\u00e9 exclusive de la soci\u00e9t\u00e9 ou personne physique <em>Samsi Frenshop<\/em> \u00e0 l\u2019exclusion des \u00e9l\u00e9ments \u00e9manant de ses partenaires et identifi\u00e9s comme tels.<br>Toute reproduction de ceux-ci sur un support quel qu\u2019il soit, et \u00e0 usage autre qu\u2019\u00e0 un usage priv\u00e9 sans autorisation est interdite.<\/p>\n\n\n\n<h5 class=\"wp-block-heading\">Absence de garantie sur les contenus diffus\u00e9s<\/h5>\n\n\n\n<p>Nous nous effor\u00e7ons d\u2019inclure sur ce site des informations exactes et \u00e0 jour mais ne donnons aucune garantie \u00e0 ce titre. En d\u00e9pit du soin apport\u00e9 au recueil des informations, des erreurs, omissions ou inexactitudes peuvent exister. L\u2019utilisateur du site et des informations qu\u2019il contient, reconna\u00eet qu&rsquo;il en fait usage sous sa seule responsabilit\u00e9. Nous ne pouvons en cons\u00e9quence voir notre responsabilit\u00e9 engag\u00e9e \u00e0 raison de tout pr\u00e9judice, direct ou indirect, de quelque nature que ce soit, r\u00e9sultant pour tout ou partie de l\u2019utilisation de ce site.<\/p>\n\n\n\n<p>De m\u00eame, nous ne garantissons pas la continuit\u00e9, l\u2019acc\u00e8s, le fonctionnement et la disponibilit\u00e9 du site et des services y aff\u00e9rant.<\/p>\n\n\n\n<h6 class=\"has-normal-font-size wp-block-heading\">La cr\u00e9ation \/ \u00e9change de liens vers notre site<\/h6>\n\n\n\n<p>Le site autorise la mise en place d\u2019un lien hypertexte pointant vers son contenu, sous r\u00e9serve que les pages du site ne soient pas imbriqu\u00e9es \u00e0 l\u2019int\u00e9rieur des pages d\u2019un autre site, mais accessible par l\u2019ouverture d\u2019une fen\u00eatre. Il sera fait mention de la source qui pointera gr\u00e2ce \u00e0 un lien hypertexte directement sur le contenu vis\u00e9.<br>Les informations utilis\u00e9es ne doivent l\u2019\u00eatre qu\u2019\u00e0 des fins personnelles, associatives ou professionnelles, toute utilisation \u00e0 des fins commerciales ou publicitaires est exclue.<\/p>\n\n\n\n<p>L\u2019\u00e9diteur d\u00e9cline toute responsabilit\u00e9 en ce qui concerne les pratiques et les politiques de protection de la confidentialit\u00e9 des donn\u00e9es des sites auxquels nous pouvons \u00eatre reli\u00e9s par des liens hypertextes.<\/p>\n\n\n\n<h5 class=\"wp-block-heading\">Politique de confidentialit\u00e9 et droits sur vos donn\u00e9es personnelles<\/h5>\n\n\n\n<p>Nous vous invitons \u00e0 consulter la page d\u00e9di\u00e9e de notre site : <a href=\"https:\/\/samsi-frenshop.com\/privacy-policy\/\">Politique de confidentialit\u00e9<\/a><\/p>\n\n\n\n<h5 class=\"wp-block-heading\">H\u00e9bergeur du site : 1&amp;1 IONOS SE &#8211; Elgendorfer Str. 57 &#8211; 56410 Montabaur &#8211; Allemagne<\/h5>\n","protected":false},"excerpt":{"rendered":"<p>Editeur du site Donzella Samantha Samsi Frenshop, 18, all\u00e9e Vivaldi &#8211; 33600 Pessac SIRET 854 015 328 00016 contact@samsi-frenshop.com Marques et logos Les marques et\/ou logos reproduits sur ce site sont d\u00e9pos\u00e9s et b\u00e9n\u00e9ficient de ce fait de la protection relevant du droit de la propri\u00e9t\u00e9 industrielle. Toute reproduction de ceux-ci sans autorisation expresse de Samsi Frenshop est interdite. Reproduction de contenus et droits d\u2019auteur L\u2019ensemble du graphisme, des textes, illustrations, documents t\u00e9l\u00e9chargeables, logo, \u2026 et plus g\u00e9n\u00e9ralement l\u2019ensemble des \u00e9l\u00e9ments composant le site www.samsi-frenshop.com sont prot\u00e9g\u00e9s par la l\u00e9gislation fran\u00e7aise relative \u00e0 la propri\u00e9t\u00e9 intellectuelle.Ils sont la propri\u00e9t\u00e9 exclusive de la soci\u00e9t\u00e9 ou personne physique Samsi Frenshop \u00e0 l\u2019exclusion des \u00e9l\u00e9ments \u00e9manant de ses partenaires et identifi\u00e9s comme tels.Toute reproduction de ceux-ci sur un support quel qu\u2019il soit, et \u00e0 usage autre qu\u2019\u00e0 un usage priv\u00e9 sans autorisation est interdite. Absence de garantie sur les contenus diffus\u00e9s Nous nous effor\u00e7ons d\u2019inclure sur ce site des informations exactes et \u00e0 jour mais ne donnons aucune garantie \u00e0 ce titre. En d\u00e9pit du soin apport\u00e9 au recueil des informations, des erreurs, omissions ou inexactitudes peuvent exister. L\u2019utilisateur du site et des informations qu\u2019il contient, reconna\u00eet qu&rsquo;il en fait usage sous sa seule responsabilit\u00e9. Nous ne pouvons en cons\u00e9quence voir notre responsabilit\u00e9 engag\u00e9e \u00e0 raison de tout pr\u00e9judice, direct ou indirect, de quelque nature que ce soit, r\u00e9sultant pour tout ou partie de l\u2019utilisation de ce site. De m\u00eame, nous ne garantissons pas la continuit\u00e9, l\u2019acc\u00e8s, le fonctionnement et la disponibilit\u00e9 du site et des services y aff\u00e9rant. La cr\u00e9ation \/ \u00e9change de liens vers notre site Le site autorise la mise en place d\u2019un lien hypertexte pointant vers son contenu, sous r\u00e9serve que les pages du site ne soient pas imbriqu\u00e9es \u00e0 l\u2019int\u00e9rieur des pages d\u2019un autre site, mais accessible par l\u2019ouverture d\u2019une fen\u00eatre. Il sera fait mention de la source qui pointera gr\u00e2ce \u00e0 un lien hypertexte directement sur le contenu vis\u00e9.Les informations utilis\u00e9es ne doivent l\u2019\u00eatre qu\u2019\u00e0 des fins personnelles, associatives ou professionnelles, toute utilisation \u00e0 des fins commerciales ou publicitaires est exclue. L\u2019\u00e9diteur d\u00e9cline toute responsabilit\u00e9 en ce qui concerne les pratiques et les politiques de protection de la confidentialit\u00e9 des donn\u00e9es des sites auxquels nous pouvons \u00eatre reli\u00e9s par des liens hypertextes. Politique de confidentialit\u00e9 et droits sur vos donn\u00e9es personnelles Nous vous invitons \u00e0 consulter la page d\u00e9di\u00e9e de notre site : Politique de confidentialit\u00e9 H\u00e9bergeur du site : 1&amp;1 IONOS SE &#8211; Elgendorfer Str. 57 &#8211; 56410 Montabaur &#8211; Allemagne<\/p>\n","protected":false},"author":1,"featured_media":0,"parent":0,"menu_order":0,"comment_status":"closed","ping_status":"closed","template":"","meta":{"_monsterinsights_skip_tracking":false,"_monsterinsights_sitenote_active":false,"_monsterinsights_sitenote_note":"","_monsterinsights_sitenote_category":0,"footnotes":""},"class_list":["post-58","page","type-page","status-publish","hentry"],"yoast_head":"<!-- This site is optimized with the Yoast SEO plugin v27.4 - https:\/\/yoast.com\/product\/yoast-seo-wordpress\/ -->\n<title>Mentions l\u00e9gales - Samsi Frenshop<\/title>\n<meta name=\"robots\" content=\"index, follow, max-snippet:-1, max-image-preview:large, max-video-preview:-1\" \/>\n<link rel=\"canonical\" href=\"https:\/\/samsi-frenshop.com\/?page_id=58\" \/>\n<meta property=\"og:locale\" content=\"fr_FR\" \/>\n<meta property=\"og:type\" content=\"article\" \/>\n<meta property=\"og:title\" content=\"Mentions l\u00e9gales - Samsi Frenshop\" \/>\n<meta property=\"og:description\" content=\"Editeur du site Donzella Samantha Samsi Frenshop, 18, all\u00e9e Vivaldi &#8211; 33600 Pessac SIRET 854 015 328 00016 contact@samsi-frenshop.com Marques et logos Les marques et\/ou logos reproduits sur ce site sont d\u00e9pos\u00e9s et b\u00e9n\u00e9ficient de ce fait de la protection relevant du droit de la propri\u00e9t\u00e9 industrielle. Toute reproduction de ceux-ci sans autorisation expresse de Samsi Frenshop est interdite. Reproduction de contenus et droits d\u2019auteur L\u2019ensemble du graphisme, des textes, illustrations, documents t\u00e9l\u00e9chargeables, logo, \u2026 et plus g\u00e9n\u00e9ralement l\u2019ensemble des \u00e9l\u00e9ments composant le site www.samsi-frenshop.com sont prot\u00e9g\u00e9s par la l\u00e9gislation fran\u00e7aise relative \u00e0 la propri\u00e9t\u00e9 intellectuelle.Ils sont la propri\u00e9t\u00e9 exclusive de la soci\u00e9t\u00e9 ou personne physique Samsi Frenshop \u00e0 l\u2019exclusion des \u00e9l\u00e9ments \u00e9manant de ses partenaires et identifi\u00e9s comme tels.Toute reproduction de ceux-ci sur un support quel qu\u2019il soit, et \u00e0 usage autre qu\u2019\u00e0 un usage priv\u00e9 sans autorisation est interdite. Absence de garantie sur les contenus diffus\u00e9s Nous nous effor\u00e7ons d\u2019inclure sur ce site des informations exactes et \u00e0 jour mais ne donnons aucune garantie \u00e0 ce titre. En d\u00e9pit du soin apport\u00e9 au recueil des informations, des erreurs, omissions ou inexactitudes peuvent exister. L\u2019utilisateur du site et des informations qu\u2019il contient, reconna\u00eet qu&rsquo;il en fait usage sous sa seule responsabilit\u00e9. Nous ne pouvons en cons\u00e9quence voir notre responsabilit\u00e9 engag\u00e9e \u00e0 raison de tout pr\u00e9judice, direct ou indirect, de quelque nature que ce soit, r\u00e9sultant pour tout ou partie de l\u2019utilisation de ce site. De m\u00eame, nous ne garantissons pas la continuit\u00e9, l\u2019acc\u00e8s, le fonctionnement et la disponibilit\u00e9 du site et des services y aff\u00e9rant. La cr\u00e9ation \/ \u00e9change de liens vers notre site Le site autorise la mise en place d\u2019un lien hypertexte pointant vers son contenu, sous r\u00e9serve que les pages du site ne soient pas imbriqu\u00e9es \u00e0 l\u2019int\u00e9rieur des pages d\u2019un autre site, mais accessible par l\u2019ouverture d\u2019une fen\u00eatre. Il sera fait mention de la source qui pointera gr\u00e2ce \u00e0 un lien hypertexte directement sur le contenu vis\u00e9.Les informations utilis\u00e9es ne doivent l\u2019\u00eatre qu\u2019\u00e0 des fins personnelles, associatives ou professionnelles, toute utilisation \u00e0 des fins commerciales ou publicitaires est exclue. L\u2019\u00e9diteur d\u00e9cline toute responsabilit\u00e9 en ce qui concerne les pratiques et les politiques de protection de la confidentialit\u00e9 des donn\u00e9es des sites auxquels nous pouvons \u00eatre reli\u00e9s par des liens hypertextes. Politique de confidentialit\u00e9 et droits sur vos donn\u00e9es personnelles Nous vous invitons \u00e0 consulter la page d\u00e9di\u00e9e de notre site : Politique de confidentialit\u00e9 H\u00e9bergeur du site : 1&amp;1 IONOS SE &#8211; Elgendorfer Str. 57 &#8211; 56410 Montabaur &#8211; Allemagne\" \/>\n<meta property=\"og:url\" content=\"https:\/\/samsi-frenshop.com\/?page_id=58\" \/>\n<meta property=\"og:site_name\" content=\"Samsi Frenshop\" \/>\n<meta property=\"article:publisher\" content=\"https:\/\/www.facebook.com\/samsifrenshop\" \/>\n<meta property=\"article:modified_time\" content=\"2021-06-13T20:19:19+00:00\" \/>\n<meta name=\"twitter:card\" content=\"summary_large_image\" \/>\n<meta name=\"twitter:label1\" content=\"Dur\u00e9e de lecture estim\u00e9e\" \/>\n\t<meta name=\"twitter:data1\" content=\"2 minutes\" \/>\n<script type=\"application\/ld+json\" class=\"yoast-schema-graph\">{\"@context\":\"https:\\\/\\\/schema.org\",\"@graph\":[{\"@type\":\"WebPage\",\"@id\":\"https:\\\/\\\/samsi-frenshop.com\\\/?page_id=58\",\"url\":\"https:\\\/\\\/samsi-frenshop.com\\\/?page_id=58\",\"name\":\"Mentions l\u00e9gales - Samsi Frenshop\",\"isPartOf\":{\"@id\":\"https:\\\/\\\/samsi-frenshop.com\\\/#website\"},\"datePublished\":\"2021-03-04T17:44:00+00:00\",\"dateModified\":\"2021-06-13T20:19:19+00:00\",\"breadcrumb\":{\"@id\":\"https:\\\/\\\/samsi-frenshop.com\\\/?page_id=58#breadcrumb\"},\"inLanguage\":\"fr-FR\",\"potentialAction\":[{\"@type\":\"ReadAction\",\"target\":[\"https:\\\/\\\/samsi-frenshop.com\\\/?page_id=58\"]}]},{\"@type\":\"BreadcrumbList\",\"@id\":\"https:\\\/\\\/samsi-frenshop.com\\\/?page_id=58#breadcrumb\",\"itemListElement\":[{\"@type\":\"ListItem\",\"position\":1,\"name\":\"Accueil\",\"item\":\"https:\\\/\\\/samsi-frenshop.com\\\/\"},{\"@type\":\"ListItem\",\"position\":2,\"name\":\"Mentions l\u00e9gales\"}]},{\"@type\":\"WebSite\",\"@id\":\"https:\\\/\\\/samsi-frenshop.com\\\/#website\",\"url\":\"https:\\\/\\\/samsi-frenshop.com\\\/\",\"name\":\"Samsi Frenshop\",\"description\":\"bijoux fantaisie boh\u00e8me chic assembl\u00e9s \u00e0 la main en France\",\"publisher\":{\"@id\":\"https:\\\/\\\/samsi-frenshop.com\\\/#organization\"},\"potentialAction\":[{\"@type\":\"SearchAction\",\"target\":{\"@type\":\"EntryPoint\",\"urlTemplate\":\"https:\\\/\\\/samsi-frenshop.com\\\/?s={search_term_string}\"},\"query-input\":{\"@type\":\"PropertyValueSpecification\",\"valueRequired\":true,\"valueName\":\"search_term_string\"}}],\"inLanguage\":\"fr-FR\"},{\"@type\":\"Organization\",\"@id\":\"https:\\\/\\\/samsi-frenshop.com\\\/#organization\",\"name\":\"Samsi Frenshop\",\"url\":\"https:\\\/\\\/samsi-frenshop.com\\\/\",\"logo\":{\"@type\":\"ImageObject\",\"inLanguage\":\"fr-FR\",\"@id\":\"https:\\\/\\\/samsi-frenshop.com\\\/#\\\/schema\\\/logo\\\/image\\\/\",\"url\":\"\",\"contentUrl\":\"\",\"caption\":\"Samsi Frenshop\"},\"image\":{\"@id\":\"https:\\\/\\\/samsi-frenshop.com\\\/#\\\/schema\\\/logo\\\/image\\\/\"},\"sameAs\":[\"https:\\\/\\\/www.facebook.com\\\/samsifrenshop\"]}]}<\/script>\n<!-- \/ Yoast SEO plugin. -->","yoast_head_json":{"title":"Mentions l\u00e9gales - Samsi Frenshop","robots":{"index":"index","follow":"follow","max-snippet":"max-snippet:-1","max-image-preview":"max-image-preview:large","max-video-preview":"max-video-preview:-1"},"canonical":"https:\/\/samsi-frenshop.com\/?page_id=58","og_locale":"fr_FR","og_type":"article","og_title":"Mentions l\u00e9gales - Samsi Frenshop","og_description":"Editeur du site Donzella Samantha Samsi Frenshop, 18, all\u00e9e Vivaldi &#8211; 33600 Pessac SIRET 854 015 328 00016 contact@samsi-frenshop.com Marques et logos Les marques et\/ou logos reproduits sur ce site sont d\u00e9pos\u00e9s et b\u00e9n\u00e9ficient de ce fait de la protection relevant du droit de la propri\u00e9t\u00e9 industrielle. Toute reproduction de ceux-ci sans autorisation expresse de Samsi Frenshop est interdite. Reproduction de contenus et droits d\u2019auteur L\u2019ensemble du graphisme, des textes, illustrations, documents t\u00e9l\u00e9chargeables, logo, \u2026 et plus g\u00e9n\u00e9ralement l\u2019ensemble des \u00e9l\u00e9ments composant le site www.samsi-frenshop.com sont prot\u00e9g\u00e9s par la l\u00e9gislation fran\u00e7aise relative \u00e0 la propri\u00e9t\u00e9 intellectuelle.Ils sont la propri\u00e9t\u00e9 exclusive de la soci\u00e9t\u00e9 ou personne physique Samsi Frenshop \u00e0 l\u2019exclusion des \u00e9l\u00e9ments \u00e9manant de ses partenaires et identifi\u00e9s comme tels.Toute reproduction de ceux-ci sur un support quel qu\u2019il soit, et \u00e0 usage autre qu\u2019\u00e0 un usage priv\u00e9 sans autorisation est interdite. Absence de garantie sur les contenus diffus\u00e9s Nous nous effor\u00e7ons d\u2019inclure sur ce site des informations exactes et \u00e0 jour mais ne donnons aucune garantie \u00e0 ce titre. En d\u00e9pit du soin apport\u00e9 au recueil des informations, des erreurs, omissions ou inexactitudes peuvent exister. L\u2019utilisateur du site et des informations qu\u2019il contient, reconna\u00eet qu&rsquo;il en fait usage sous sa seule responsabilit\u00e9. Nous ne pouvons en cons\u00e9quence voir notre responsabilit\u00e9 engag\u00e9e \u00e0 raison de tout pr\u00e9judice, direct ou indirect, de quelque nature que ce soit, r\u00e9sultant pour tout ou partie de l\u2019utilisation de ce site. De m\u00eame, nous ne garantissons pas la continuit\u00e9, l\u2019acc\u00e8s, le fonctionnement et la disponibilit\u00e9 du site et des services y aff\u00e9rant. La cr\u00e9ation \/ \u00e9change de liens vers notre site Le site autorise la mise en place d\u2019un lien hypertexte pointant vers son contenu, sous r\u00e9serve que les pages du site ne soient pas imbriqu\u00e9es \u00e0 l\u2019int\u00e9rieur des pages d\u2019un autre site, mais accessible par l\u2019ouverture d\u2019une fen\u00eatre. Il sera fait mention de la source qui pointera gr\u00e2ce \u00e0 un lien hypertexte directement sur le contenu vis\u00e9.Les informations utilis\u00e9es ne doivent l\u2019\u00eatre qu\u2019\u00e0 des fins personnelles, associatives ou professionnelles, toute utilisation \u00e0 des fins commerciales ou publicitaires est exclue. L\u2019\u00e9diteur d\u00e9cline toute responsabilit\u00e9 en ce qui concerne les pratiques et les politiques de protection de la confidentialit\u00e9 des donn\u00e9es des sites auxquels nous pouvons \u00eatre reli\u00e9s par des liens hypertextes. Politique de confidentialit\u00e9 et droits sur vos donn\u00e9es personnelles Nous vous invitons \u00e0 consulter la page d\u00e9di\u00e9e de notre site : Politique de confidentialit\u00e9 H\u00e9bergeur du site : 1&amp;1 IONOS SE &#8211; Elgendorfer Str. 57 &#8211; 56410 Montabaur &#8211; Allemagne","og_url":"https:\/\/samsi-frenshop.com\/?page_id=58","og_site_name":"Samsi Frenshop","article_publisher":"https:\/\/www.facebook.com\/samsifrenshop","article_modified_time":"2021-06-13T20:19:19+00:00","twitter_card":"summary_large_image","twitter_misc":{"Dur\u00e9e de lecture estim\u00e9e":"2 minutes"},"schema":{"@context":"https:\/\/schema.org","@graph":[{"@type":"WebPage","@id":"https:\/\/samsi-frenshop.com\/?page_id=58","url":"https:\/\/samsi-frenshop.com\/?page_id=58","name":"Mentions l\u00e9gales - Samsi Frenshop","isPartOf":{"@id":"https:\/\/samsi-frenshop.com\/#website"},"datePublished":"2021-03-04T17:44:00+00:00","dateModified":"2021-06-13T20:19:19+00:00","breadcrumb":{"@id":"https:\/\/samsi-frenshop.com\/?page_id=58#breadcrumb"},"inLanguage":"fr-FR","potentialAction":[{"@type":"ReadAction","target":["https:\/\/samsi-frenshop.com\/?page_id=58"]}]},{"@type":"BreadcrumbList","@id":"https:\/\/samsi-frenshop.com\/?page_id=58#breadcrumb","itemListElement":[{"@type":"ListItem","position":1,"name":"Accueil","item":"https:\/\/samsi-frenshop.com\/"},{"@type":"ListItem","position":2,"name":"Mentions l\u00e9gales"}]},{"@type":"WebSite","@id":"https:\/\/samsi-frenshop.com\/#website","url":"https:\/\/samsi-frenshop.com\/","name":"Samsi Frenshop","description":"bijoux fantaisie boh\u00e8me chic assembl\u00e9s \u00e0 la main en France","publisher":{"@id":"https:\/\/samsi-frenshop.com\/#organization"},"potentialAction":[{"@type":"SearchAction","target":{"@type":"EntryPoint","urlTemplate":"https:\/\/samsi-frenshop.com\/?s={search_term_string}"},"query-input":{"@type":"PropertyValueSpecification","valueRequired":true,"valueName":"search_term_string"}}],"inLanguage":"fr-FR"},{"@type":"Organization","@id":"https:\/\/samsi-frenshop.com\/#organization","name":"Samsi Frenshop","url":"https:\/\/samsi-frenshop.com\/","logo":{"@type":"ImageObject","inLanguage":"fr-FR","@id":"https:\/\/samsi-frenshop.com\/#\/schema\/logo\/image\/","url":"","contentUrl":"","caption":"Samsi Frenshop"},"image":{"@id":"https:\/\/samsi-frenshop.com\/#\/schema\/logo\/image\/"},"sameAs":["https:\/\/www.facebook.com\/samsifrenshop"]}]}},"jetpack_sharing_enabled":true,"_links":{"self":[{"href":"https:\/\/samsi-frenshop.com\/index.php?rest_route=\/wp\/v2\/pages\/58","targetHints":{"allow":["GET"]}}],"collection":[{"href":"https:\/\/samsi-frenshop.com\/index.php?rest_route=\/wp\/v2\/pages"}],"about":[{"href":"https:\/\/samsi-frenshop.com\/index.php?rest_route=\/wp\/v2\/types\/page"}],"author":[{"embeddable":true,"href":"https:\/\/samsi-frenshop.com\/index.php?rest_route=\/wp\/v2\/users\/1"}],"replies":[{"embeddable":true,"href":"https:\/\/samsi-frenshop.com\/index.php?rest_route=%2Fwp%2Fv2%2Fcomments&post=58"}],"version-history":[{"count":5,"href":"https:\/\/samsi-frenshop.com\/index.php?rest_route=\/wp\/v2\/pages\/58\/revisions"}],"predecessor-version":[{"id":1140,"href":"https:\/\/samsi-frenshop.com\/index.php?rest_route=\/wp\/v2\/pages\/58\/revisions\/1140"}],"wp:attachment":[{"href":"https:\/\/samsi-frenshop.com\/index.php?rest_route=%2Fwp%2Fv2%2Fmedia&parent=58"}],"curies":[{"name":"wp","href":"https:\/\/api.w.org\/{rel}","templated":true}]}}